{"id":659,"date":"2020-11-19T21:59:17","date_gmt":"2020-11-19T23:59:17","guid":{"rendered":"http:\/\/localhost\/craft\/site\/?page_id=659"},"modified":"2020-12-18T18:58:48","modified_gmt":"2020-12-18T21:58:48","slug":"servicos","status":"publish","type":"page","link":"https:\/\/e-craft.com\/validacao\/pt\/servicos\/","title":{"rendered":"Servi\u00e7os"},"content":{"rendered":"<p>Inquietude e pioneirismo. Intelig\u00eancia e expertise. Lealdade e parceria. Esses s\u00e3o os <strong>motores<\/strong> da Craft para navegar em busca das melhores solu\u00e7\u00f5es em transporte, construir rela\u00e7\u00f5es e saberes pelo mundo e ligar continentes.<\/p>\n","protected":false},"excerpt":{"rendered":"<p>Inquietude e pioneirismo. Intelig\u00eancia e expertise. Lealdade e parceria. Esses s\u00e3o os motores da Craft para navegar em busca das melhores solu\u00e7\u00f5es em transporte, construir rela\u00e7\u00f5es e saberes pelo mundo e ligar continentes.<\/p>\n","protected":false},"author":1,"featured_media":0,"parent":0,"menu_order":0,"comment_status":"closed","ping_status":"closed","template":"page-tpl-services.php","meta":{"_acf_changed":false,"footnotes":""},"class_list":["post-659","page","type-page","status-publish","hentry"],"acf":[],"yoast_head":"<!-- This site is optimized with the Yoast SEO plugin v27.2 - https:\/\/yoast.com\/product\/yoast-seo-wordpress\/ -->\n<title>Servi\u00e7os - VALIDA\u00c7\u00c3O Craft<\/title>\n<meta name=\"robots\" content=\"noindex, follow, max-snippet:-1, max-image-preview:large, max-video-preview:-1\" \/>\n<meta property=\"og:locale\" content=\"en_US\" \/>\n<meta property=\"og:type\" content=\"article\" \/>\n<meta property=\"og:title\" content=\"Servi\u00e7os - VALIDA\u00c7\u00c3O Craft\" \/>\n<meta property=\"og:description\" content=\"Inquietude e pioneirismo. Intelig\u00eancia e expertise. Lealdade e parceria. Esses s\u00e3o os motores da Craft para navegar em busca das melhores solu\u00e7\u00f5es em transporte, construir rela\u00e7\u00f5es e saberes pelo mundo e ligar continentes.\" \/>\n<meta property=\"og:url\" content=\"https:\/\/e-craft.com\/validacao\/pt\/servicos\/\" \/>\n<meta property=\"og:site_name\" content=\"VALIDA\u00c7\u00c3O Craft\" \/>\n<meta property=\"article:modified_time\" content=\"2020-12-18T21:58:48+00:00\" \/>\n<meta name=\"twitter:card\" content=\"summary_large_image\" \/>\n<script type=\"application\/ld+json\" class=\"yoast-schema-graph\">{\"@context\":\"https:\/\/schema.org\",\"@graph\":[{\"@type\":\"WebPage\",\"@id\":\"https:\/\/e-craft.com\/validacao\/pt\/servicos\/\",\"url\":\"https:\/\/e-craft.com\/validacao\/pt\/servicos\/\",\"name\":\"Servi\u00e7os - VALIDA\u00c7\u00c3O Craft\",\"isPartOf\":{\"@id\":\"https:\/\/e-craft.com\/validacao\/#website\"},\"datePublished\":\"2020-11-19T23:59:17+00:00\",\"dateModified\":\"2020-12-18T21:58:48+00:00\",\"breadcrumb\":{\"@id\":\"https:\/\/e-craft.com\/validacao\/pt\/servicos\/#breadcrumb\"},\"inLanguage\":\"en-US\",\"potentialAction\":[{\"@type\":\"ReadAction\",\"target\":[\"https:\/\/e-craft.com\/validacao\/pt\/servicos\/\"]}]},{\"@type\":\"BreadcrumbList\",\"@id\":\"https:\/\/e-craft.com\/validacao\/pt\/servicos\/#breadcrumb\",\"itemListElement\":[{\"@type\":\"ListItem\",\"position\":1,\"name\":\"Portada\",\"item\":\"https:\/\/e-craft.com\/validacao\/en\/\"},{\"@type\":\"ListItem\",\"position\":2,\"name\":\"Servi\u00e7os\"}]},{\"@type\":\"WebSite\",\"@id\":\"https:\/\/e-craft.com\/validacao\/#website\",\"url\":\"https:\/\/e-craft.com\/validacao\/\",\"name\":\"VALIDA\u00c7\u00c3O Craft\",\"description\":\"International cargo transportation\",\"potentialAction\":[{\"@type\":\"SearchAction\",\"target\":{\"@type\":\"EntryPoint\",\"urlTemplate\":\"https:\/\/e-craft.com\/validacao\/?s={search_term_string}\"},\"query-input\":{\"@type\":\"PropertyValueSpecification\",\"valueRequired\":true,\"valueName\":\"search_term_string\"}}],\"inLanguage\":\"en-US\"}]}<\/script>\n<!-- \/ Yoast SEO plugin. -->","yoast_head_json":{"title":"Servi\u00e7os - VALIDA\u00c7\u00c3O Craft","robots":{"index":"noindex","follow":"follow","max-snippet":"max-snippet:-1","max-image-preview":"max-image-preview:large","max-video-preview":"max-video-preview:-1"},"og_locale":"en_US","og_type":"article","og_title":"Servi\u00e7os - VALIDA\u00c7\u00c3O Craft","og_description":"Inquietude e pioneirismo. Intelig\u00eancia e expertise. Lealdade e parceria. Esses s\u00e3o os motores da Craft para navegar em busca das melhores solu\u00e7\u00f5es em transporte, construir rela\u00e7\u00f5es e saberes pelo mundo e ligar continentes.","og_url":"https:\/\/e-craft.com\/validacao\/pt\/servicos\/","og_site_name":"VALIDA\u00c7\u00c3O Craft","article_modified_time":"2020-12-18T21:58:48+00:00","twitter_card":"summary_large_image","schema":{"@context":"https:\/\/schema.org","@graph":[{"@type":"WebPage","@id":"https:\/\/e-craft.com\/validacao\/pt\/servicos\/","url":"https:\/\/e-craft.com\/validacao\/pt\/servicos\/","name":"Servi\u00e7os - VALIDA\u00c7\u00c3O Craft","isPartOf":{"@id":"https:\/\/e-craft.com\/validacao\/#website"},"datePublished":"2020-11-19T23:59:17+00:00","dateModified":"2020-12-18T21:58:48+00:00","breadcrumb":{"@id":"https:\/\/e-craft.com\/validacao\/pt\/servicos\/#breadcrumb"},"inLanguage":"en-US","potentialAction":[{"@type":"ReadAction","target":["https:\/\/e-craft.com\/validacao\/pt\/servicos\/"]}]},{"@type":"BreadcrumbList","@id":"https:\/\/e-craft.com\/validacao\/pt\/servicos\/#breadcrumb","itemListElement":[{"@type":"ListItem","position":1,"name":"Portada","item":"https:\/\/e-craft.com\/validacao\/en\/"},{"@type":"ListItem","position":2,"name":"Servi\u00e7os"}]},{"@type":"WebSite","@id":"https:\/\/e-craft.com\/validacao\/#website","url":"https:\/\/e-craft.com\/validacao\/","name":"VALIDA\u00c7\u00c3O Craft","description":"International cargo transportation","potentialAction":[{"@type":"SearchAction","target":{"@type":"EntryPoint","urlTemplate":"https:\/\/e-craft.com\/validacao\/?s={search_term_string}"},"query-input":{"@type":"PropertyValueSpecification","valueRequired":true,"valueName":"search_term_string"}}],"inLanguage":"en-US"}]}},"_links":{"self":[{"href":"https:\/\/e-craft.com\/validacao\/wp-json\/wp\/v2\/pages\/659","targetHints":{"allow":["GET"]}}],"collection":[{"href":"https:\/\/e-craft.com\/validacao\/wp-json\/wp\/v2\/pages"}],"about":[{"href":"https:\/\/e-craft.com\/validacao\/wp-json\/wp\/v2\/types\/page"}],"author":[{"embeddable":true,"href":"https:\/\/e-craft.com\/validacao\/wp-json\/wp\/v2\/users\/1"}],"replies":[{"embeddable":true,"href":"https:\/\/e-craft.com\/validacao\/wp-json\/wp\/v2\/comments?post=659"}],"version-history":[{"count":7,"href":"https:\/\/e-craft.com\/validacao\/wp-json\/wp\/v2\/pages\/659\/revisions"}],"predecessor-version":[{"id":960,"href":"https:\/\/e-craft.com\/validacao\/wp-json\/wp\/v2\/pages\/659\/revisions\/960"}],"wp:attachment":[{"href":"https:\/\/e-craft.com\/validacao\/wp-json\/wp\/v2\/media?parent=659"}],"curies":[{"name":"wp","href":"https:\/\/api.w.org\/{rel}","templated":true}]}}