{"id":576,"date":"2020-11-19T00:40:55","date_gmt":"2020-11-19T02:40:55","guid":{"rendered":"http:\/\/localhost\/craft\/site\/?page_id=576"},"modified":"2022-02-25T13:33:56","modified_gmt":"2022-02-25T16:33:56","slug":"trabalhe-conosco","status":"publish","type":"page","link":"https:\/\/e-craft.com\/validacao\/pt\/contato\/trabalhe-conosco\/","title":{"rendered":"Trabalhe conosco"},"content":{"rendered":"<p>Quer ter dias intensos, contato com diversas culturas, chamadas a se superar sempre, renova\u00e7\u00e3o constante? <\/p>\n<p><a href=\"https:\/\/craft.gupy.io\/\" target=\"_blank\" rel=\"noopener\" class=\"button button--large button--secondary\">Inscreva-se aqui<\/a><\/p>\n","protected":false},"excerpt":{"rendered":"<p>Quer ter dias intensos, contato com diversas culturas, chamadas a se superar sempre, renova\u00e7\u00e3o constante? Inscreva-se aqui<\/p>\n","protected":false},"author":1,"featured_media":0,"parent":158,"menu_order":3,"comment_status":"closed","ping_status":"closed","template":"page-tpl-contact.php","meta":{"_acf_changed":false,"footnotes":""},"class_list":["post-576","page","type-page","status-publish","hentry"],"acf":[],"yoast_head":"<!-- This site is optimized with the Yoast SEO plugin v27.2 - https:\/\/yoast.com\/product\/yoast-seo-wordpress\/ -->\n<title>Trabalhe conosco - VALIDA\u00c7\u00c3O Craft<\/title>\n<meta name=\"robots\" content=\"noindex, follow, max-snippet:-1, max-image-preview:large, max-video-preview:-1\" \/>\n<meta property=\"og:locale\" content=\"en_US\" \/>\n<meta property=\"og:type\" content=\"article\" \/>\n<meta property=\"og:title\" content=\"Trabalhe conosco - VALIDA\u00c7\u00c3O Craft\" \/>\n<meta property=\"og:description\" content=\"Quer ter dias intensos, contato com diversas culturas, chamadas a se superar sempre, renova\u00e7\u00e3o constante? Inscreva-se aqui\" \/>\n<meta property=\"og:url\" content=\"https:\/\/e-craft.com\/validacao\/pt\/contato\/trabalhe-conosco\/\" \/>\n<meta property=\"og:site_name\" content=\"VALIDA\u00c7\u00c3O Craft\" \/>\n<meta property=\"article:modified_time\" content=\"2022-02-25T16:33:56+00:00\" \/>\n<meta name=\"twitter:card\" content=\"summary_large_image\" \/>\n<meta name=\"twitter:label1\" content=\"Est. reading time\" \/>\n\t<meta name=\"twitter:data1\" content=\"1 minute\" \/>\n<script type=\"application\/ld+json\" class=\"yoast-schema-graph\">{\"@context\":\"https:\/\/schema.org\",\"@graph\":[{\"@type\":\"WebPage\",\"@id\":\"https:\/\/e-craft.com\/validacao\/pt\/contato\/trabalhe-conosco\/\",\"url\":\"https:\/\/e-craft.com\/validacao\/pt\/contato\/trabalhe-conosco\/\",\"name\":\"Trabalhe conosco - VALIDA\u00c7\u00c3O Craft\",\"isPartOf\":{\"@id\":\"https:\/\/e-craft.com\/validacao\/#website\"},\"datePublished\":\"2020-11-19T02:40:55+00:00\",\"dateModified\":\"2022-02-25T16:33:56+00:00\",\"breadcrumb\":{\"@id\":\"https:\/\/e-craft.com\/validacao\/pt\/contato\/trabalhe-conosco\/#breadcrumb\"},\"inLanguage\":\"en-US\",\"potentialAction\":[{\"@type\":\"ReadAction\",\"target\":[\"https:\/\/e-craft.com\/validacao\/pt\/contato\/trabalhe-conosco\/\"]}]},{\"@type\":\"BreadcrumbList\",\"@id\":\"https:\/\/e-craft.com\/validacao\/pt\/contato\/trabalhe-conosco\/#breadcrumb\",\"itemListElement\":[{\"@type\":\"ListItem\",\"position\":1,\"name\":\"Portada\",\"item\":\"https:\/\/e-craft.com\/validacao\/en\/\"},{\"@type\":\"ListItem\",\"position\":2,\"name\":\"Contato\",\"item\":\"https:\/\/e-craft.com\/validacao\/pt\/contato\/\"},{\"@type\":\"ListItem\",\"position\":3,\"name\":\"Trabalhe conosco\"}]},{\"@type\":\"WebSite\",\"@id\":\"https:\/\/e-craft.com\/validacao\/#website\",\"url\":\"https:\/\/e-craft.com\/validacao\/\",\"name\":\"VALIDA\u00c7\u00c3O Craft\",\"description\":\"International cargo transportation\",\"potentialAction\":[{\"@type\":\"SearchAction\",\"target\":{\"@type\":\"EntryPoint\",\"urlTemplate\":\"https:\/\/e-craft.com\/validacao\/?s={search_term_string}\"},\"query-input\":{\"@type\":\"PropertyValueSpecification\",\"valueRequired\":true,\"valueName\":\"search_term_string\"}}],\"inLanguage\":\"en-US\"}]}<\/script>\n<!-- \/ Yoast SEO plugin. -->","yoast_head_json":{"title":"Trabalhe conosco - VALIDA\u00c7\u00c3O Craft","robots":{"index":"noindex","follow":"follow","max-snippet":"max-snippet:-1","max-image-preview":"max-image-preview:large","max-video-preview":"max-video-preview:-1"},"og_locale":"en_US","og_type":"article","og_title":"Trabalhe conosco - VALIDA\u00c7\u00c3O Craft","og_description":"Quer ter dias intensos, contato com diversas culturas, chamadas a se superar sempre, renova\u00e7\u00e3o constante? Inscreva-se aqui","og_url":"https:\/\/e-craft.com\/validacao\/pt\/contato\/trabalhe-conosco\/","og_site_name":"VALIDA\u00c7\u00c3O Craft","article_modified_time":"2022-02-25T16:33:56+00:00","twitter_card":"summary_large_image","twitter_misc":{"Est. reading time":"1 minute"},"schema":{"@context":"https:\/\/schema.org","@graph":[{"@type":"WebPage","@id":"https:\/\/e-craft.com\/validacao\/pt\/contato\/trabalhe-conosco\/","url":"https:\/\/e-craft.com\/validacao\/pt\/contato\/trabalhe-conosco\/","name":"Trabalhe conosco - VALIDA\u00c7\u00c3O Craft","isPartOf":{"@id":"https:\/\/e-craft.com\/validacao\/#website"},"datePublished":"2020-11-19T02:40:55+00:00","dateModified":"2022-02-25T16:33:56+00:00","breadcrumb":{"@id":"https:\/\/e-craft.com\/validacao\/pt\/contato\/trabalhe-conosco\/#breadcrumb"},"inLanguage":"en-US","potentialAction":[{"@type":"ReadAction","target":["https:\/\/e-craft.com\/validacao\/pt\/contato\/trabalhe-conosco\/"]}]},{"@type":"BreadcrumbList","@id":"https:\/\/e-craft.com\/validacao\/pt\/contato\/trabalhe-conosco\/#breadcrumb","itemListElement":[{"@type":"ListItem","position":1,"name":"Portada","item":"https:\/\/e-craft.com\/validacao\/en\/"},{"@type":"ListItem","position":2,"name":"Contato","item":"https:\/\/e-craft.com\/validacao\/pt\/contato\/"},{"@type":"ListItem","position":3,"name":"Trabalhe conosco"}]},{"@type":"WebSite","@id":"https:\/\/e-craft.com\/validacao\/#website","url":"https:\/\/e-craft.com\/validacao\/","name":"VALIDA\u00c7\u00c3O Craft","description":"International cargo transportation","potentialAction":[{"@type":"SearchAction","target":{"@type":"EntryPoint","urlTemplate":"https:\/\/e-craft.com\/validacao\/?s={search_term_string}"},"query-input":{"@type":"PropertyValueSpecification","valueRequired":true,"valueName":"search_term_string"}}],"inLanguage":"en-US"}]}},"_links":{"self":[{"href":"https:\/\/e-craft.com\/validacao\/wp-json\/wp\/v2\/pages\/576","targetHints":{"allow":["GET"]}}],"collection":[{"href":"https:\/\/e-craft.com\/validacao\/wp-json\/wp\/v2\/pages"}],"about":[{"href":"https:\/\/e-craft.com\/validacao\/wp-json\/wp\/v2\/types\/page"}],"author":[{"embeddable":true,"href":"https:\/\/e-craft.com\/validacao\/wp-json\/wp\/v2\/users\/1"}],"replies":[{"embeddable":true,"href":"https:\/\/e-craft.com\/validacao\/wp-json\/wp\/v2\/comments?post=576"}],"version-history":[{"count":8,"href":"https:\/\/e-craft.com\/validacao\/wp-json\/wp\/v2\/pages\/576\/revisions"}],"predecessor-version":[{"id":2074,"href":"https:\/\/e-craft.com\/validacao\/wp-json\/wp\/v2\/pages\/576\/revisions\/2074"}],"up":[{"embeddable":true,"href":"https:\/\/e-craft.com\/validacao\/wp-json\/wp\/v2\/pages\/158"}],"wp:attachment":[{"href":"https:\/\/e-craft.com\/validacao\/wp-json\/wp\/v2\/media?parent=576"}],"curies":[{"name":"wp","href":"https:\/\/api.w.org\/{rel}","templated":true}]}}